7500?
True
Is 20 a factor of 88800?
True
Is 1723415 a multiple of 54?
False
Does 185 divide 47175?
True
Does 30 divide 149157?
False
Does 9 divide 2868705?
True
Does 23 divide 84272?
True
Is 546 a factor of 22318?
False
Is 332740 a multiple of 524?
True
Does 24 divide 126984?
True
Does 10 divide 170621?
False
Is 86 a factor of 3223022?
True
Is 10 a factor of 179103?
False
Is 283560 a multiple of 510?
True
Is 4 a factor of 85843?
False
Does 23 divide 5214859?
True
Does 21 divide 1723680?
True
Does 40 divide 374240?
True
Is 545100 a multiple of 60?
True
Does 397 divide 212395?
True
Does 35 divide 5619041?
False
Is 8 a factor of 89189?
False
Is 32 a factor of 4339840?
True
Is 756 a factor of 3841942?
False
Does 132 divide 20793?
False
Is 677939 a multiple of 589?
True
Does 14 divide 107142?
True
Is 23495 even?
False
Is 245000 a multiple of 280?
True
Does 5 divide 25504?
False
Is 536034 a multiple of 39?
False
Does 8 divide 131968?
True
Does 2 divide 62653?
False
Does 128 divide 36299648?
True
Does 4 divide 21613?
False
Does 18 divide 2480316?
False
Does 515 divide 268937?
False
Is 129080 a multiple of 280?
True
Does 21 divide 278992?
False
Does 27 divide 184822?
False
Is 15 a factor of 36450?
True
Is 25 a factor of 26548175?
True
Is 44539 a multiple of 11?
True
Does 9 divide 3955822?
False
Is 105 a factor of 430395?
True
Does 65 divide 396803?
False
Is 3278963 a multiple of 589?
True
Does 118 divide 5910621?
False
Does 195 divide 62205?
True
Is 77 a factor of 204610?
False
Is 2876791 a multiple of 244?
False
Is 103 a factor of 155530?
True
Is 833405 a multiple of 23?
True
Does 639 divide 47286?
True
Is 130 a factor of 2365220?
True
Does 5 divide 64205?
True
Is 10 a factor of 420?
True
Does 13 divide 334374?
False
Is 20 a factor of 389500?
True
Is 181 a factor of 395304?
True
Is 96 a factor of 2045397?
False
Is 998 a factor of 2825338?
True
Is 98 a factor of 46024?
False
Is 1063452 a multiple of 31?
False
Is 42 a factor of 7226268?
True
Is 96 a factor of 1542336?
True
Is 209 a factor of 244112?
True
Does 262 divide 5792774?
False
Does 152 divide 43630?
False
Is 31 a factor of 280273?
False
Does 9 divide 460314?
True
Is 227 a factor of 109441?
False
Is 874 a factor of 3149657?
False
Does 342 divide 32483534?
False
Does 16 divide 72949?
False
Does 201 divide 237464?
False
Is 4 a factor of 6263608?
True
Is 106134 a multiple of 21?
True
Is 285 a factor of 963945?
False
Does 372 divide 2483100?
True
Is 939300 a multiple of 124?
True
Does 41 divide 87166?
True
Does 39 divide 2127606?
True
Is 305 a factor of 77588?
False
Does 19 divide 66804?
True
Does 4 divide 28896?
True
Does 95 divide 10869535?
False
Is 306576 a multiple of 17?
False
Does 32 divide 209472?
True
Is 678810 a multiple of 34?
True
Is 1174580 a multiple of 6?
False
Is 116619 a multiple of 351?
False
Is 12218425 a multiple of 95?
True
Is 63100 a multiple of 15?
False
Does 215 divide 969275?
False
Is 45 a factor of 1113610?
False
Is 623 a factor of 9262457?
False
Is 651617 a multiple of 13?
False
Is 9510521 a multiple of 83?
False
Is 524892 a multiple of 102?
True
Is 52 a factor of 12766572?
True
Is 207 a factor of 1766159?
False
Is 8132200 a multiple of 1825?
True
Is 64812 a multiple of 132?
True
Does 41 divide 2706?
True
Does 29 divide 147378?
True
Is 12551280 a multiple of 248?
True
Is 45 a factor of 7620840?
True
Is 7 a factor of 405421?
False
Does 13 divide 1931480?
False
Does 71 divide 491975?
False
Is 142549 a multiple of 148?
False
Is 11 a factor of 11351461?
True
Is 27 a factor of 7788?
False
Is 305600 a multiple of 64?
True
Is 65 a factor of 851364?
False
Is 27 a factor of 1717470?
True
Is 42 a factor of 2150871?
False
Is 209004 a multiple of 5?
False
Does 40 divide 124082?
False
Is 62516 a multiple of 14?
False
Does 176 divide 147956?
False
Is 613899 a multiple of 81?
True
Is 17531 a multiple of 3?
False
Is 16 a factor of 5573587?
False
Does 17 divide 139043?
True
Is 30 a factor of 7301?
False
Does 17 divide 432038?
True
Is 428 a factor of 1114948?
False
Is 481147 a multiple of 51?
False
Is 69 a factor of 1297586?
False
Is 11 a factor of 274087?
True
Is 834446 a multiple of 218?
False
Is 458 a factor of 1898482?
False
Is 40 a factor of 372680?
True
Is 4876479 a multiple of 13?
False
Is 43 a factor of 4853067?
False
Is 86 a factor of 8836242?
True
Does 38 divide 7408518?
True
Does 246 divide 822624?
True
Is 804 a factor of 2555112?
True
Does 157 divide 286839?
True
Is 132 a factor of 1581096?
True
Does 1394 divide 1646314?
True
Is 16 a factor of 473271?
False
Is 172 a factor of 3053344?
True
Is 104699 a multiple of 33?
False
Is 442 a factor of 3309254?
True
Is 51 a factor of 2464477?
False
Does 23 divide 6609361?
False
Does 16 divide 581328?
True
Is 10134051 a multiple of 59?
False
Is 103740 a multiple of 65?
True
Does 75 divide 341572?
False
Does 3 divide 7974?
True
Is 54 a factor of 268110?
True
Does 4 divide 183803?
False
Does 39 divide 188604?
True
Does 365 divide 31895615?
False
Is 17 a factor of 829?
False
Is 112099 a multiple of 34?
False
Is 7 a factor of 10841775?
True
Does 179 divide 1394231?
True
Is 243050 a multiple of 40?
False
Is 987567 a multiple of 15?
False
Does 18 divide 207557?
False
Does 2 divide 30255?
False
Is 670 a factor of 5439730?
True
Does 50 divide 3408550?
True
Is 19 a factor of 2335803?
True
Does 9 divide 200397?
False
Is 2440165 a multiple of 7?
True
Is 48 a factor of 4401815?
False
Is 185136 a multiple of 42?
True
Is 13 a factor of 58831?
False
Is 2767479 a multiple of 143?
True
Is 94656 a multiple of 204?
True
Is 287582 a multiple of 26?
False
Is 1877715 a multiple of 21?
True
Is 5848181 a multiple of 38?
False
Does 11 divide 9101191?
True
Does 8 divide 221888?
True
Is 250602 a multiple of 229?
False
Does 46 divide 370450?
False
Is 16 a factor of 10644800?
True
Is 1941390 a multiple of 2035?
True
Does 24 divide 4902721?
False
Does 18 divide 301?
False
Is 47 a factor of 77276?
False
Is 46 a factor of 259754?
False
Is 3799716 a multiple of 123?
True
Does 106 divide 8903152?
True
Is 517813 a multiple of 11?
False
Does 71 divide 30601?
True
Does 129 divide 3868323?
True
Does 3 divide 790653?
True
Is 10 a factor of 1575744?
False
Is 17 a factor of 102667?
False
Does 62 divide 1123270?
False
Is 129 a factor of 204852?
True
Is 1473120 a multiple of 94?
False
Is 171 a factor of 22825535?
False
Does 35 divide 71365?
True
Does 119 divide 9156076?
False
Does 121 divide 109384?
True
Is 192917 a multiple of 96?
False
Is 16 a factor of 147664?
True
Does 3 divide 461273?
False
Is 3788388 a multiple of 18?
True
Does 501 divide 153129?
False
Does 13 divide 114007?
False
Is 306229 even?
False
Is 203850 a multiple of 9?
True
Is 136026 a multiple of 27?
True
Is 32 a factor of 264556?
False
Does 665 divide 6313174?
False
Is 12768 a multiple of 266?
True
Is 2340 a multiple of 10?
True
Is 136935 a multiple of 15?
True
Is 74997 a multiple of 62?
False
Is 1512659 a multiple of 11?
False
Is 23 a factor of 150881?
False
Does 144 divide 202896?
True
Is 124902 a multiple of 257?
True
Is 105094 a multiple of 281?
True
Is 14113 a multiple of 59?
False
Is 9 a factor of 320229?
True
Is 6571435 a multiple of 247?
True
Is 251 a factor of 332575?
True
Is 544519 a multiple of 181?
False
Is 37 a factor of 3351534?
True
Is 326061 a multiple of 105?
False
Does 24 divide 134244?
False
Is 9 a factor of 2078838?
True
Is 534 a factor of 147918?
True
Does 580 divide 4975240?
True
Does 75 divide 806642?
False
Does 265 divide 123941?
False
Does 98 divide 32524534?
True
Does 10 divide 3461667?
False
Does 279 divide 38223?
True
Is 37 a factor of 2770338?
True
Is 990336 a multiple of 64?
True
Is 284868 a multiple of 23?
False
Is 28 a factor of 68251?
False
Is 58644 a multiple of 14?
False
Does 428 divide 514456?
True
Is 248 a factor of 2666248?
True
Does 7 divide 195720?
True
Does 104 divide 10350?
False
Is 405042 a multiple of 9?
False
Is 633646 a multiple of 522?
False
Is 158299 a multiple of 323?
False
Is 395 a factor of 1129700?
True
Does 167 divide 757178?
True
Is 3526719 a multiple of 609?
True
Does 48 divide 857347?
False
Is 80979 a multiple of 94?
False
Does 23 divide 6989322?
False
Is 1969361 a multiple of 19?
False
Is 7200 a multiple of 240?
True
Is 80802 a multiple of 58?
False
Does 